is the units digit of q(-13)?
4
Suppose 5*i - 2*i - 5*o - 37 = 0, -2*i = 5*o - 33. Let r be 655/7 + 6/i. What is the tens digit of (36 - 34)/(96/r + -1)?
9
Suppose -32*x - 169 - 87 = 0. Let i(f) = -43*f - 177. What is the hundreds digit of i(x)?
1
Let a be 2/2*(-3360)/(-7). Suppose -a*i = -474*i - 1170. What is the units digit of i?
5
What is the tens digit of (-48)/(180/120 + (-2386)/1588)?
5
What is the thousands digit of (-22)/1*(-93 + 96)/((-2)/347)?
1
Suppose -17*q = -18*q + 15. Let v(l) = -l**2 + 14*l + 17. Let g be v(q). Suppose 3*t + g*b = 57, -5*t + 53 = -5*b - 42. What is the units digit of t?
9
Suppose 29423 = 5*i - 2*n, 2*i - 9*n - 11765 = -4*n. What is the thousands digit of i?
5
Suppose 47*o - 53*o + 23186 - 758 = 0. What is the thousands digit of o?
3
Suppose 0 = -2*u - 2064 + 6542. Suppose 2*p - 5*p + 2*q + u = 0, p - 753 = 4*q. Suppose -6*g + p = -173. What is the hundreds digit of g?
1
Let g be (4/(-9))/(4*4/(-72)). Suppose -2*t = g*k - 1486, 3*t - 2225 = -0*t + k. What is the tens digit of t?
4
Let v = -9 + -124. Let l = v + 348. What is the units digit of l?
5
Suppose -2*u + 4*m + 312 = 0, 2*u - 4*m - 604 = -2*u. What is the units digit of u + 2 + 3 - -1?
2
Suppose -2*d - 65 + 97 = 0. Let t(c) = -c**3 + 11*c**2 + 6*c - 4. Let g be t(8). Suppose -d = 3*l + 4*q - g, -3*l - q + 235 = 0. What is the tens digit of l?
8
Suppose -2 = -27*a + 160. Suppose a*w - 747 - 1503 = 0. What is the units digit of w?
5
Let d(h) = 7*h**2 + 17*h + 53. Let x(f) = -f + 2. Let z(c) = d(c) - 2*x(c). What is the units digit of z(-11)?
7
Suppose 7*r = 6*r - 5*f + 6582, 5*r - 4*f = 33026. What is the units digit of r?
2
Let f = 4 + 2. Suppose -f*s = -2138 + 32. What is the units digit of s?
1
What is the tens digit of (1078/(-28) - -10)*-338?
3
Suppose 0 = -22*t - 8*t + 36540. Suppose -5*d + 3045 = -4*a, 2*d - 3*a = a + t. What is the tens digit of d?
0
Let h(j) = 8*j + 40. Let a be h(-5). Suppose a = -2*s + 104 + 612. What is the tens digit of s?
5
What is the hundreds digit of ((-3497)/(-2))/(29/116)?
9
What is the units digit of (-4 - 174/(-15))*(0 - -725)?
0
Let p(w) = -w**2 - 11*w + 4. Let r be p(-10). Suppose -k - 4*l = r, -2*l = 3*k - 0*k - 8. Suppose k*g = g + 40. What is the units digit of g?
8
Let z = 3018 - -15126. What is the ten thousands digit of z?
1
Suppose -822 = 355*m - 218*m. Let h(x) = -11*x**2 + 4*x + 10. Let n(g) = -32*g**2 + 11*g + 31. Let y(l) = 11*h(l) - 4*n(l). What is the hundreds digit of y(m)?
2
Let z(g) = g**2 + 9*g + 13. Let l be z(-10). Let q = -22 + l. What is the tens digit of ((-189)/(-315))/((q*-2)/(-110))?
3
Let u(p) = 17*p**2 + 2*p - 1. Let j(w) = -2*w - 24. Let h be j(-11). Let o be u(h). Let b = o + 14. What is the units digit of b?
7
Let u(w) = w**2 + 3*w. Suppose -18 = 2*b + b. Let c be u(b). Suppose -z + r + c + 114 = 0, -z = 4*r - 127. What is the hundreds digit of z?
1
Let l(x) = 699*x + 11. What is the units digit of l(8)?
3
Let y = 7042 + 6089. What is the ten thousands digit of y?
1
Suppose -23 = -5*o - 18. What is the units digit of (o + 115)*(0 - (-23)/4)?
7
Let n be 1212/(-14) + 28/49. Suppose 5*y - 4*q = 802, 4*y - 2*q + 3*q - 629 = 0. Let x = y + n. What is the units digit of x?
2
Suppose n - 5*m + 10*m - 10031 = 0, m - 20080 = -2*n. What is the thousands digit of n?
0
Let s = -1 + 3. What is the units digit of s/(-8) + (4 - (-2275)/28)?
5
Let g(t) = 21*t**2 + 13*t + 1. Let s(v) = v**2 - 9*v + 27. Let p be s(6). Let o(f) = 5*f**2 + 3*f. Let d(c) = p*o(c) - 2*g(c). What is the tens digit of d(-6)?
0
Let d = 120 - -361. Suppose 0 = -7*a + 10880 + d. What is the tens digit of (-4)/14 + a/(-84)*-4?
7
Suppose 0 = -770*u + 782*u - 517248. What is the ten thousands digit of u?
4
Let i = -2 + 674. Suppose -2*f + 3*p = p - i, -f - 2*p = -324. What is the hundreds digit of f?
3
Let h = 5 + -9. Let q be 14/(3 - h/(-1)). Let w = 3 - q. What is the tens digit of w?
1
Let t = 32 - 25. Suppose -16 = -t*v - v. Suppose -33 + 5 = -v*f. What is the tens digit of f?
1
Suppose 3*b - 3442 = -5*c, 0 = 12*c - 15*c + 4*b + 2071. What is the units digit of c?
9
Let p(d) = -310*d - 20. Let n(a) = -311*a - 21. Let g(i) = -4*n(i) + 3*p(i). What is the tens digit of g(2)?
5
Let l be 40/12 + 2/12*-2. Suppose 0 = -t + 3*t + 2, 1057 = l*o - t. What is the units digit of o?
2
Suppose 2*f - 16 = -13*n + 9*n, -5*f - 5 = -5*n. Suppose -15*t + n*t + 3072 = 0. What is the units digit of t?
6
Let u(v) = -1668*v + 59. What is the hundreds digit of u(-10)?
7
Suppose -5*u + 10*u + 15 = 0. What is the hundreds digit of -3*802/u + (-19)/(-19)?
8
Let z(w) = -2*w**2 + 7*w - 9. Let v be z(7). Let r = -74 - v. What is the hundreds digit of 12/r - 2236/(-16)?
1
Suppose 4 = -7*q + 9*q, -3*f - 2796 = -3*q. Let r be 4/(-5) + f/25 + 3. What is the units digit of (-1883)/r + 3/15?
4
Let a be 2*21*(-18)/(-9). Suppose 46*f - a = 45*f. What is the tens digit of f?
8
Let c(a) = 2*a**3 + 15*a**2 - 57*a - 22. What is the tens digit of c(9)?
3
Let h(w) = 711*w - 154. What is the units digit of h(6)?
2
Suppose w - 3*w + 105 = -g, -4*g - 90 = -2*w. Let x = 58 - w. Suppose -20 = -4*r, 3*t - 2*r - 428 = -x*r. What is the hundreds digit of t?
1
Suppose 3*a - 3*o - 201 = 0, -4*a + 263 = o - 10. Suppose -a*k + 60*k = -1344. What is the tens digit of k?
6
Suppose 0*b = -5*b + 15. Let k be ((5/5)/b)/((-1)/(-372)). What is the units digit of k/5 + 1/(-1 - -6)?
5
Suppose 3*a + 32*a - 16*a = 147326. What is the units digit of a?
4
Suppose -4*b + 8*t = 3*t - 89071, -b + 2*t = -22273. What is the thousands digit of b?
2
Suppose y - 111*y - 5*y + 6546835 = 0. What is the thousands digit of y?
6
Suppose 17*p - 1553486 - 1841116 = -57*p. What is the ten thousands digit of p?
4
Let v = -3114 + 15388. What is the ten thousands digit of v?
1
Let f be 24/(-6) + 3 + 31*-2. Let p = f - -121. What is the tens digit of p?
5
Let h(n) = -n**3 + n**2 + 202. Let s(o) = -5*o**3 + o**2 - 2*o. Let b be s(1). Let f be (0/b)/(0 + 3). What is the hundreds digit of h(f)?
2
Suppose -151*w + 159*w = 25584. What is the tens digit of w?
9
Let j(d) = -5*d + 1. Let x(i) = -95*i + 25. Let s(f) = -20*j(f) + x(f). Let n = 5 - 3. What is the units digit of s(n)?
5
Let g(b) = -2*b**3 - b**2 - b + 1. Let t(u) = -5*u**3 + 7*u**2 - 3*u - 38. Let n(s) = 2*g(s) - t(s). What is the tens digit of n(12)?
8
Let p(t) = -2313*t**3 + 3*t**2 - 2*t - 12. Let l be p(-2). Suppose 3*i = -11*i + l. What is the tens digit of i?
2
Let k = 7184 + -4301. What is the units digit of k?
3
Suppose 2*h - 4 = -0*h, -9 = m - 5*h. Suppose 12*b - 15*b + 1378 = -z, 0 = z + m. What is the units digit of b?
9
Suppose -4*z = 3*a - 1614, 0 = -4*a - 5*z + 357 + 1795. Suppose -5*s + 1341 = -3*d, 2*d + a = 8*s - 6*s. What is the units digit of s?
7
Suppose 38*s - 1503040 - 2119344 = -56*s. What is the ten thousands digit of s?
3
Let m(t) = 177*t + 114. Let v be ((-4)/(-9))/(24/540*5). What is the hundreds digit of m(v)?
4
Suppose -92*k + 108*k - 192 = 0. Suppose -k*n - 1687 = -10675. What is the hundreds digit of n?
7
Suppose 88*y - 3014463 = y. What is the ten thousands digit of y?
3
Let i = -3048 + 6269. What is the units digit of i?
1
Let a(l) = l**3 + 4*l**2 + 2*l + 13. Let s be a(-4). Suppose -5*h + s*r + 2635 = 0, 0 = -11*r + 10*r. What is the tens digit of h?
2
Suppose 2*p = -5*g + 711 - 54, -3*p + 3*g = -933. Suppose 6 = 3*v, 43*v + p = 5*q + 46*v. What is the units digit of q?
2
Let m be 1*(1 - 4)/(21/329). Let h be (-1)/(0 + (-1)/(-53)). Let s = m - h. What is the units digit of s?
6
Let v = 3085 + -3086. Let u(w) = -26*w**2 + 3. Let b(y) = -25*y**2 - y + 4. Let j(p) = 3*b(p) - 4*u(p). What is the units digit of j(v)?
2
Let z = 98 + -79. Suppose 0 = z*o - 22*o + 465. What is the tens digit of o?
5
Let k = -584 + 609. Suppose k*j - 5412 = 13*j. What is the hundreds digit of j?
4
Let j be (15/45)/(15/(-18) - -1). Suppose j*l + 4*q - 514 = 0, 4*q = 5*l + 705 - 1990. What is the hundreds digit of l?
2
Let t = 126 + -532. Let l = -168 - t. What is the units digit of l?
8
Let x(r) = r**3 - 19*r**2 + 39*r - 25. Let k = -35 + 40. Suppose 3*p = 4*i - 80, -p - 93 = -k*i + p. What is the tens digit of x(i)?
6
Suppose o - 7352 = -2*w, -3*o = -7*w + 3*w - 22036. What is the units digit of o?
8
Let g(q) = 7*q**2 + 143*q + 5787. What is the ten